x(-2). Calculate the highest common divisor of 30 and r.
6
Let r be -3*((-64)/6 + 3). Let b = -1 + -8. Let d = b + r. Calculate the greatest common factor of d and 35.
7
Let u = 1369 - 1165. What is the greatest common factor of u and 510?
102
Suppose -3*o + 305 + 130 = 0. Let n be (-1 + 3)*7/2. Suppose -n = -3*b + 167. What is the highest common divisor of b and o?
29
Let q(t) = -t**3 - 19*t**2 + 18*t - 36. Let u be q(-20). Suppose 3*i - k = 87 + 23, -134 = -u*i - 5*k. What is the highest common divisor of i and 36?
36
Let s(c) = 56*c**2. Let n be s(1). Let f(w) = -23*w**2 - 1588*w - 27. Let h be f(-69). Calculate the highest common divisor of n and h.
14
Let s be 17/(-4) + (-2)/(-8). Let y = 189 - 186. Let h be (-1)/4*s*y. What is the greatest common factor of 18 and h?
3
Let u = -33 - -58. Let f = -13 + 18. Calculate the greatest common divisor of f and u.
5
Suppose 13*d = -402 + 1234. Let y = 21 - 13. What is the highest common divisor of d and y?
8
Let s = -2 + 5. Suppose 2*c - 6*n = -2*n + 60, s*c + 2*n - 66 = 0. Suppose -7*i + 32 = -220. What is the highest common factor of c and i?
12
Suppose 0*i - 45 = -i. Suppose -12*w - 17*w + 145 = 0. Calculate the highest common divisor of w and i.
5
Let b(u) = -u**3 + 8*u**2 + 10*u + 2. Let y be b(9). What is the greatest common divisor of 352 and y?
11
Let w = 17 - -19. What is the greatest common divisor of 60 and w?
12
Let p = 1957 + -1954. Suppose 4*o - x + 5*x - 232 = 0, 0 = -o + 4*x + 53. What is the greatest common factor of o and p?
3
Suppose 4*i - 3*m - m = 36, 2*i - 4*m = 12. Suppose 0 = 5*b + 2 - i. Calculate the greatest common divisor of b and 1.
1
Let d = -13 + 18. Suppose 2*q = 3*x + 69, 34*q = 38*q - x - 123. What is the highest common divisor of d and q?
5
Let t be 1/(2 + (-15)/10). Suppose -a - t*a - 4*g + 98 = 0, 156 = 5*a + 3*g. Suppose -75 = -5*r + 300. Calculate the highest common divisor of a and r.
15
Let p(x) = -x**2 + 5*x + 11. Let f be p(6). Let v(z) = z**3 - 5*z**2 + 3*z + 1. Let w be v(f). What is the highest common factor of 144 and w?
16
Let w(d) = -d + 38. Let q be w(9). Suppose a + 4*n - 33 = 0, a + 2*n - 10 = q. What is the greatest common factor of 90 and a?
45
Suppose -2*t - 43 + 139 = 0. Suppose c - t = -2*c. Calculate the greatest common factor of c and 128.
16
Suppose 136 = 6*w + 94. What is the highest common divisor of 287 and w?
7
Let k(l) = 4*l**3 + 0 - l**2 + l - l**2 - 3*l**3 - 1. Let h be k(3). Calculate the highest common divisor of h and 66.
11
Suppose 4726 - 150 = 8*n. Suppose -7*g - 6*g + n = 0. What is the highest common factor of g and 44?
44
Let c be 60/9*(-108)/(-8). Let t(x) = x**2 + 7*x + 10. Let i be t(-7). Calculate the greatest common divisor of i and c.
10
Let f(b) = -b**3 - 4*b**2 - 34*b - 100. Let t be f(-4). What is the greatest common factor of 468 and t?
36
Suppose 5*v - 12*n - 165 = -7*n, -63 = -2*v + n. What is the greatest common factor of v and 680?
10
Suppose -416 = -3*o - 4*r + 150, 0 = -2*o - 2*r + 378. What is the greatest common divisor of 10 and o?
10
Let d(b) = 6*b**2 - 12*b - 18. Let k be d(7). Suppose 153 + k = 3*g. What is the highest common divisor of 23 and g?
23
Suppose 5*q + 10 = 60. Suppose 0*k - 2*k + 30 = 0. What is the greatest common divisor of q and k?
5
Let l(i) = -i**2 + 11*i - 10. Let u be l(11). Let j be 445/u + 1/2. Let z be 11/(j/(-144)) - 0. Calculate the highest common factor of 12 and z.
12
Let f = 135 + -69. Let i = 154 - f. What is the highest common divisor of 11 and i?
11
Let v be (4/10)/(1/(-5)). Let q be 5 + (-30)/9 - v/(-3). Let p be (0 + 1)*1 + 1. Calculate the greatest common factor of q and p.
1
Let i(h) = h**2 + 4*h + 4. Let r be i(-2). Suppose 5*f + j - 30 = -4*j, r = -f + 5*j - 6. Calculate the greatest common divisor of 16 and f.
4
Let a be (-2)/(-2)*45/(-1). Let g be 4/(-3*6/a). Let v be (-9 + g)*(0 + 8). Calculate the greatest common factor of v and 20.
4
Suppose 14 = 4*k - 2. Let n(f) be the first derivative of 7*f**2 - 4*f - 68. Let a be n(k). What is the highest common factor of 13 and a?
13
Let f be ((-20)/(-2) - 3) + 3984/48. Calculate the greatest common factor of 114 and f.
6
Suppose -114 = -4*s + 2*f - 32, 5*f - 65 = -5*s. What is the greatest common factor of s and 1062?
18
Let m(f) = f**2 - 3*f + 3. Let l be m(4). Let a be 3/(2 - -1)*19. Let q be l/1 + 57/a. What is the greatest common divisor of 30 and q?
10
Let i(n) = -51*n - 9. Let y(g) = -4*g - 2. Let b be y(1). Let u be i(b). Calculate the highest common factor of u and 33.
33
Let q be 23622/682 - (-12)/33. Let v be 114/8 + (-1)/4. Calculate the greatest common factor of q and v.
7
Suppose 0 = -2*r - 3*o + 5, 3*r + 4*o + 0 - 8 = 0. Suppose 0*n = r*n + 8. Let f be (-1)/(-2*n/(-24)). What is the highest common factor of f and 66?
6
Let a = -55 + 125. Let w = 32 - 22. Calculate the highest common divisor of a and w.
10
Suppose 0 = -5*u - t + 30, -3*u + 0*u + 18 = t. What is the highest common factor of u and 96?
6
Let j = -2 + 1. Let r be (-3 - j) + 4 + 0. Suppose -2*u + 10 = -r*q, -5*q + 1 = 3*u - 14. What is the highest common factor of u and 35?
5
Let v be -3 + (-42)/(-7) - 4 - -4. Calculate the greatest common factor of v and 69.
3
Let o be ((-52)/13 - -16)/(2/9). Calculate the highest common factor of 2 and o.
2
Let m = 14 - -34. Calculate the greatest common factor of 1848 and m.
24
Suppose 3*d = 4*d - 5. Suppose 7*y + 2*v = 2*y + 18, -28 = -4*y - d*v. What is the highest common factor of 14 and y?
2
Suppose 0 = -3*f + 7 + 23. Calculate the greatest common divisor of f and 270.
10
Suppose -i + 0*i - 3*h = -20, 3*h = -2*i + 25. Suppose -i*j + 41 = -5*p - 319, 5*p - 179 = -2*j. Calculate the greatest common divisor of j and 7.
7
Suppose -b = -2*d - 151, -4 - 119 = -b - 5*d. What is the greatest common divisor of 13 and b?
13
Suppose -4*d - 2100 = -d. Let a be -2 + 3 + d/(-4). Let t be 2 + (-6 - -1) - -25. What is the highest common factor of a and t?
22
Let j(u) = -2*u - 234. Let z(p) = -78. Let t(w) = 6*j(w) - 17*z(w). Let y be t(-8). What is the highest common divisor of y and 30?
6
Suppose 0*m - 2*m + 19 = -5*h, 2*m + 2*h - 12 = 0. Suppose -m*z + 2*z = 20. Let j be (z - 22)/(1 - 3). What is the greatest common factor of j and 65?
13
Let w be 9 + -5 - (4 + -5*4). Calculate the highest common divisor of 110 and w.
10
Let h = -94 - -96. Suppose -4*u - 32 = -2*b, 90 = 5*b - 3*u - h*u. What is the highest common factor of b and 4?
4
Suppose o + h - 45 = 0, 0*o - 3*o = 4*h - 132. Let u be 29 + -1 - (-43 - -39). Calculate the highest common factor of u and o.
16
Suppose -37*b + 40 = -33*b. Calculate the highest common factor of 55 and b.
5
Let t be ((-24)/10)/(10/(-25)). Suppose 3*j = -0*j - t. Let p be -8*(6/(-4) + j). Calculate the greatest common divisor of 7 and p.
7
Let j = 8 + 1. Let s(b) = b**3 - 9*b**2 + 3*b - 13. Let q be s(j). Calculate the highest common factor of q and 112.
14
Let p = -58 + 66. Let w = 8 - 5. Let j be (-18)/(-27) + 4/w. Calculate the greatest common factor of j and p.
2
Let k = 57 + 73. Suppose 4*a = 2*i - 36, -3*i = 2*i - 2*a - k. What is the highest common divisor of i and 14?
14
Let c(h) = -h**3 + 19*h**2 - 17*h + 15. Let w be c(18). What is the highest common divisor of w and 165?
33
Let q be (14 + -16)/(-1*2). Let f = q - -18. Suppose 2*z = 13 + f. What is the highest common divisor of z and 2?
2
Suppose -2*f + 1 = -x - 9, -2*x = 5*f + 11. Let g be x - -13 - 2/1. What is the highest common factor of 18 and g?
3
Suppose -4*h = 20, 0 = -3*p + 2*h - 4*h + 35. Let q be ((-18)/(-27))/(2/p). Suppose 113 = q*n + 8. What is the highest common factor of n and 14?
7
Let c(x) = 4*x - 10. Suppose -4*a - 4*u + 55 = -7*u, -4*a + 56 = -4*u. Let m = a + -8. Let w be c(m). Calculate the highest common divisor of 110 and w.
10
Let w be 3 - (-60)/8*6. Suppose 9*u - w = 3*u. Calculate the greatest common divisor of u and 40.
8
Suppose 18*n = 5218 - 1978. What is the greatest common factor of 45 and n?
45
Suppose -b = 4*l + 3164, -2*b - 3934 = 5*l - 6*b. Let s be l/(-6) - (-8)/24. Calculate the highest common divisor of 33 and s.
33
Let y(o) = -108*o - 357. Let w be y(-4). Calculate the highest common divisor of 275 and w.
25
Let y(d) = -3*d - 2. Let o(w) = 4*w + 3. Let s(r) = -2*o(r) - 3*y(r). Let z be s